{"id":24,"date":"2026-01-26T08:31:02","date_gmt":"2026-01-26T08:31:02","guid":{"rendered":"https:\/\/unchoeurdescoeurs.fr\/?page_id=24"},"modified":"2026-03-31T16:59:07","modified_gmt":"2026-03-31T16:59:07","slug":"historique","status":"publish","type":"page","link":"https:\/\/unchoeurdescoeurs.fr\/index.php\/historique\/","title":{"rendered":"Historique"},"content":{"rendered":"\n<p>La chorale est n\u00e9e \u00e0 Nantes en 2003 .<\/p>\n\n\n\n<p>Il s\u2019agissait de faire chanter ensemble des personnes valides et des personnes porteuses d\u2019un handicap, quel qu\u2019il soit et, notamment, des personnes affect\u00e9es d\u2019une maladie neurod\u00e9g\u00e9n\u00e9rative.<\/p>\n\n\n\n<p><\/p>\n\n\n\n<p>Jusqu&rsquo;en 2019, le ch\u0153ur a \u00e9t\u00e9 dirig\u00e9 par Christophe\u00a0Vincent et depuis cette date par Nelly Abran.<\/p>\n\n\n\n<p><\/p>\n\n\n\n<p><\/p>\n","protected":false},"excerpt":{"rendered":"<p>La chorale est n\u00e9e \u00e0 Nantes en 2003 . Il s\u2019agissait de faire chanter ensemble des personnes valides et des personnes porteuses d\u2019un handicap, quel qu\u2019il soit et, notamment, des &hellip; <\/p>\n<p class=\"link-more\"><a href=\"https:\/\/unchoeurdescoeurs.fr\/index.php\/historique\/\" class=\"more-link\">Continuer la lecture<span class=\"screen-reader-text\"> de &laquo;&nbsp;Historique&nbsp;&raquo;<\/span><\/a><\/p>\n","protected":false},"author":2,"featured_media":0,"parent":0,"menu_order":0,"comment_status":"closed","ping_status":"closed","template":"","meta":{"footnotes":""},"class_list":["post-24","page","type-page","status-publish","hentry"],"_links":{"self":[{"href":"https:\/\/unchoeurdescoeurs.fr\/index.php\/wp-json\/wp\/v2\/pages\/24","targetHints":{"allow":["GET"]}}],"collection":[{"href":"https:\/\/unchoeurdescoeurs.fr\/index.php\/wp-json\/wp\/v2\/pages"}],"about":[{"href":"https:\/\/unchoeurdescoeurs.fr\/index.php\/wp-json\/wp\/v2\/types\/page"}],"author":[{"embeddable":true,"href":"https:\/\/unchoeurdescoeurs.fr\/index.php\/wp-json\/wp\/v2\/users\/2"}],"replies":[{"embeddable":true,"href":"https:\/\/unchoeurdescoeurs.fr\/index.php\/wp-json\/wp\/v2\/comments?post=24"}],"version-history":[{"count":7,"href":"https:\/\/unchoeurdescoeurs.fr\/index.php\/wp-json\/wp\/v2\/pages\/24\/revisions"}],"predecessor-version":[{"id":728,"href":"https:\/\/unchoeurdescoeurs.fr\/index.php\/wp-json\/wp\/v2\/pages\/24\/revisions\/728"}],"wp:attachment":[{"href":"https:\/\/unchoeurdescoeurs.fr\/index.php\/wp-json\/wp\/v2\/media?parent=24"}],"curies":[{"name":"wp","href":"https:\/\/api.w.org\/{rel}","templated":true}]}}